*a. Let q be c(-2). Calculate the highest common divisor of s and q.
17
Suppose -266*o = -118428 - 520471 - 199533. What is the greatest common factor of o and 24?
8
Let q = -35 + 37. Let l be (1 - q)/(3/78). Let a = l - -30. Calculate the highest common factor of 20 and a.
4
Suppose 0 = q + 16*q + 17204. Let t be (-5)/60 - q/48. Suppose o + 841 = 5*d, -d + 163 = -0*o + 5*o. What is the greatest common divisor of d and t?
21
Suppose 0 = 2*w - 3*i - 125, 2*w = -5*i + 28 + 89. What is the highest common divisor of w and 16531?
61
Suppose 0 = u - 321 + 259. Suppose -s - 2*c = -u, 2*s - c + 265 = 7*s. Calculate the highest common divisor of s and 130.
26
Suppose 11*i - 2*i = -9. Let a be 2 + ((-12)/(-6) - (i + -9)). Suppose 0*x - 378 = -3*x. Calculate the greatest common divisor of x and a.
14
Suppose -5*b = -2*r + 10207, 20513 = 126*r - 122*r + b. What is the greatest common factor of r and 1165?
233
Suppose 18*k - 5 = 17*k, 0 = 3*s - 5*k - 1703. Let r be s/3*(57/12 + -4). What is the highest common divisor of r and 16?
16
Suppose 94*b = 97*b - 15. Suppose -8*r + 21 - b = 0. Suppose -11 = -5*u - 1. Calculate the greatest common divisor of u and r.
2
Let s(y) be the second derivative of 7*y**5/20 - y**4/12 - 2*y**3 + 17*y**2/2 + y - 2. Let k be s(2). Calculate the greatest common divisor of 45 and k.
45
Let g = -38 + 68. Let a(o) = 3*o**2 + 13*o - 20. Let k(u) = -5*u. Let y be k(2). Let f be a(y). Calculate the greatest common divisor of g and f.
30
Suppose 0 = -a + 5*s + 779, 815 = a + 4*s + 27. What is the greatest common factor of 224 and a?
112
Let d(u) = -u**3 - 2*u**2 + 2*u + 1. Let c be d(1). Suppose c = -3*q - 0 + 15. Let g = q - -3. Calculate the greatest common factor of 4 and g.
4
Let s be (30/18)/((-10)/(-12)). Suppose 3*o - x - 16 = 0, o - 36 = -3*o + 5*x. Suppose -o*n + s = -66. Calculate the greatest common divisor of 153 and n.
17
Suppose -18*m = -13 - 41. Suppose -5*d + 26 = m*g, -2*d + 14 = 5*g - 2*g. What is the highest common divisor of d and 52?
4
Let d(k) = 2062*k - 4487. Let h be d(19). What is the greatest common factor of 113 and h?
113
Let v(h) = 128*h - 3179. Let y be v(39). What is the greatest common factor of 539 and y?
49
Suppose -1322 - 1126 = -102*h. Let a(c) = c**3 - 2*c**2 + 2*c - 1. Let s be a(5). What is the greatest common divisor of h and s?
12
Let x be 14/8*12/1. Suppose 5*h + 2*c = 6819, -9 = 18*c - 15*c. Let f be ((-24)/(-5))/(78/h). Calculate the highest common factor of x and f.
21
Let n(a) = 2*a**2 + 24*a. Let m be n(-12). Suppose 9*u = -5*w + 5*u + 707, -5*w + 4*u + 723 = m. What is the greatest common factor of 13 and w?
13
Let g(o) = -3*o + 4 + 2*o - 1 + 4*o. Let p be g(9). Suppose 323 = 5*a - 52. What is the greatest common divisor of p and a?
15
Let f be (1/2)/(3/24). Let g = -127 - -131. Let s(r) = 16*r - 63. Let n be s(g). What is the highest common factor of f and n?
1
Suppose 264379 + 19965 - 29096 = 106*z. Calculate the highest common factor of z and 56.
56
Suppose -16*u + 32 = -8*u. Let n be u/(-8 - 122/(-15)). What is the greatest common factor of 54 and n?
6
Let l(f) = -8*f - 72. Let g = 121 - 136. Let x be l(g). Calculate the greatest common factor of 432 and x.
48
Let l(p) = -3*p**3 + 90*p**2 - 6*p + 24. Let v be l(30). Let c be 10*(v/30 + 7). Calculate the highest common divisor of 114 and c.
6
Let q be ((3 - (-16)/6) + -3)*372/16. Calculate the greatest common divisor of q and 1457.
31
Suppose 44*b + 2539 = 15079. What is the greatest common factor of b and 1368?
57
Let b(u) = 15956*u**3 + 8*u**2 - 12*u + 6. Let v be b(1). What is the highest common divisor of v and 202?
202
Let g be 1765*(-357)/(-1050) + 0 + (-1)/10. Calculate the greatest common divisor of g and 200.
200
Let h = 261 - 259. Suppose 3*g + 20 = 35, h*z - 135 = -g. Calculate the highest common factor of 5 and z.
5
Let d(r) = 2*r**2 - 9*r + 25. Let n be d(6). Suppose -g - 63 = 2*g. Let m be 3/(-7) + (-9942)/g. What is the highest common divisor of n and m?
43
Let d(l) = -3*l**3 - 19*l**2 - 45*l + 28. Let f be d(-4). Calculate the highest common factor of f and 84.
12
Suppose 0 = -m - 3*m + 1408. Suppose -124 = -5*h + 3*g + 32, g = 5*h - 132. Calculate the highest common factor of m and h.
8
Suppose -1461 = -116*o + 594 + 149. Calculate the greatest common factor of 3629 and o.
19
Let z = -9985 + 12771. Calculate the highest common factor of 21 and z.
7
Let l be (-4 - 312/(-60))*855. What is the greatest common divisor of l and 95?
19
Let f be (11/(-22))/((-2)/240). Suppose 4*k = -100*s + 97*s + 198, -2*s = -3*k + 140. Calculate the highest common divisor of k and f.
12
Let j = 5887 - 5497. Calculate the greatest common factor of j and 30.
30
Let k be (-8)/2 - (30/(-3) - 4). Suppose -k = 5*q, -q - 818 = -0*z - 3*z. What is the highest common divisor of 17 and z?
17
Suppose 0 = -2*r + 4*h + 176, -5*r + 44*h + 425 = 49*h. Calculate the highest common factor of 200 and r.
2
Let d be ((-42)/15)/((-352)/880). Calculate the highest common factor of 39361 and d.
7
Let b = 90881 - 60796. Calculate the highest common divisor of 55 and b.
55
Let k(c) = 64*c + 32. Let v be k(-10). Let l = -309 - v. What is the highest common divisor of 13 and l?
13
Suppose -154 = -2*r - 4*s - 592, 3*s + 439 = -2*r. Let n = 227 + r. Calculate the greatest common factor of 9 and n.
3
Let d(c) = -3*c**3 - 70*c**2 + 113*c - 248. Let b be d(-25). Suppose 4420 = 3*y + 2*y. What is the highest common factor of y and b?
52
Suppose 0 = 5*r - 6 - 24. Let n be -6*(-3)/r - -2. Suppose -80 = -42*g + 26*g. Calculate the highest common factor of g and n.
5
Suppose -a = 8*s - 22 - 43, 3*s - 30 = -a. Calculate the highest common factor of a and 16893.
9
Suppose -18*x + 610 + 902 = 0. Suppose 6*d = -d + x. Calculate the greatest common factor of 64 and d.
4
Let x = 21 - -14. Suppose -5*t + 3*d = -2*t - 75, d = -2*t + x. What is the highest common divisor of 80 and t?
20
Let i(v) = 176*v**3 + v**2 - 1. Suppose s + 5*k + 33 = 9, -3*s - 3*k - 12 = 0. Let o be i(s). What is the highest common divisor of 66 and o?
22
Let r(x) = 10*x - 122. Let g be r(10). Let v be (-1275)/(-187) - 4/g. Let d be 1077/9 + (-2)/3. What is the greatest common factor of d and v?
7
Suppose -116431 = -44*s + 81613. What is the greatest common factor of 21 and s?
7
Let v(h) = -h**3 - 3*h**2 - 8. Let f be v(-3). Let z be (f - -7 - (-2 + 57))/(-2). What is the greatest common factor of z and 16?
4
Let f(z) = 8*z - 402. Let a be f(126). Calculate the highest common divisor of a and 6868.
202
Suppose 18732 = 462*i - 460*i + 5*o, 5*i - o - 46803 = 0. What is the greatest common factor of i and 2024?
253
Let r be (0 - (-1)/2)*2. Let u = 23 + r. Suppose -v - 3*v = y - 95, -5*y = 3*v - 67. What is the greatest common factor of v and u?
24
Let x = -76 + 190. Let f be x/21 - 40/(-70). What is the greatest common divisor of 28 and f?
2
Suppose -x - 5*i = 0, 6*i - 5*i + 104 = 5*x. What is the highest common divisor of x and 95?
5
Suppose 0 = 5*p - 5*q - 14360, 21*q - 22*q - 3 = 0. What is the highest common factor of p and 2567?
151
Let b = 27 + -32. Let a be (b - -3)*61/(-2). Suppose -62*h = -a*h - 220. What is the greatest common divisor of 20 and h?
20
Suppose -4*p + 15 + 57 = 0. Let m = -115 + 64. Let v be (-4)/(-12) - m/9. Calculate the greatest common factor of v and p.
6
Suppose 1769*t - 1791*t + 62104 = 14870. Calculate the highest common factor of t and 113.
113
Let d(k) = -4*k**2 - 4*k - 3. Let h be d(-1). Let l be ((-40)/h + -13)*(21 - 0). Calculate the greatest common divisor of l and 161.
7
Let g(r) = -r**3 + 13*r**2 - 16*r - 11. Let h be g(8). Suppose -11*p + h + 1106 = 0. Calculate the highest common divisor of 63 and p.
9
Let g be -178*(3/4)/(72/(-48)). Let s be ((-2)/(-6))/(1 - g/90). What is the greatest common factor of 130 and s?
10
Suppose -2*k = -3*d + 8, 5*d - 5*k + 5 = 25. Let f be -1*(3 - d) + (69 - -2). What is the highest common divisor of f and 8?
4
Let i be -3 - ((-2958)/24 - (-2)/8). Let o = 63 + -117. Let q be ((-5)/2)/(9/o). Calculate the highest common divisor of q and i.
15
Suppose -3*b + 12 - 4 = -j, 5 = 5*j. Suppose b*q - 5*r - 2 = 102, 4*r + 128 = 4*q. What is the highest common divisor of 700 and q?
28
Let v(g) = -3*g**3 - 66*g**2 - 52*g + 271. Let o be v(-21). What i